 196.
98
What is the greatest common factor of 1183666 and 11?
11
What is the highest common factor of 768 and 114?
6
What is the greatest common factor of 2667 and 126?
21
Calculate the greatest common divisor of 5712 and 912.
48
What is the highest common divisor of 84 and 299236?
28
Calculate the highest common divisor of 195900 and 48.
12
What is the highest common divisor of 8046 and 4374?
54
What is the greatest common factor of 64 and 28544?
64
What is the highest common divisor of 21120 and 18?
6
Calculate the greatest common divisor of 60 and 13160.
20
Calculate the greatest common factor of 11930139 and 351.
351
Calculate the greatest common factor of 55 and 765325.
55
What is the greatest common factor of 1584205 and 35?
35
What is the greatest common divisor of 36742 and 18?
2
Calculate the highest common factor of 638950 and 234.
26
What is the highest common factor of 9140 and 320?
20
What is the highest common factor of 1312 and 40016?
656
Calculate the greatest common factor of 164 and 548826.
82
What is the highest common factor of 1694 and 15323?
77
What is the highest common divisor of 326160 and 60?
60
Calculate the greatest common divisor of 2808 and 11108.
4
Calculate the highest common factor of 50 and 30770.
10
What is the highest common divisor of 578 and 1114?
2
What is the greatest common factor of 6325 and 35765?
115
Calculate the greatest common divisor of 3231 and 58876.
359
What is the highest common divisor of 836 and 75031?
209
Calculate the greatest common factor of 90234 and 3114.
18
What is the greatest common divisor of 24047 and 1112?
139
What is the greatest common factor of 12347 and 1?
1
Calculate the greatest common divisor of 2474747 and 11.
11
Calculate the highest common divisor of 1404 and 4316.
52
Calculate the highest common divisor of 57051 and 27.
27
Calculate the greatest common factor of 71976 and 696.
24
Calculate the highest common divisor of 666 and 14874.
222
What is the greatest common factor of 5959 and 15655?
101
Calculate the highest common factor of 202019 and 3004.
751
Calculate the greatest common factor of 56 and 539476.
28
What is the highest common factor of 1540 and 650188?
308
What is the greatest common divisor of 5984 and 217668?
748
What is the highest common factor of 455949 and 432?
27
Calculate the highest common divisor of 142994 and 1325.
53
Calculate the highest common factor of 10206 and 4494.
42
What is the greatest common factor of 66 and 447249?
33
What is the greatest common factor of 618 and 3578?
2
Calculate the greatest common factor of 632593 and 13.
13
What is the greatest common divisor of 7452 and 2?
2
What is the highest common divisor of 414 and 826758?
414
What is the highest common factor of 12040 and 66521?
301
What is the highest common factor of 6386 and 5150?
206
What is the greatest common factor of 17329 and 27001?
403
What is the highest common factor of 38014 and 3893?
229
What is the greatest common factor of 167408 and 1472?
16
Calculate the greatest common factor of 1375381 and 294.
49
What is the greatest common divisor of 2073279 and 195?
39
Calculate the highest common divisor of 128 and 2661760.
128
Calculate the greatest common divisor of 39870 and 7531.
443
Calculate the highest common divisor of 7 and 98172.
1
Calculate the greatest common factor of 4448262 and 156.
78
What is the greatest common divisor of 4940 and 814112?
988
What is the greatest common divisor of 1003 and 8319?
59
What is the highest common divisor of 58882 and 236?
118
Calculate the highest common divisor of 261 and 126237.
87
Calculate the greatest common factor of 85 and 23.
1
Calculate the highest common factor of 21 and 24241.
7
Calculate the highest common divisor of 1272568 and 8.
8
What is the highest common divisor of 3643057 and 407?
407
What is the greatest common divisor of 15222236 and 424?
212
Calculate the greatest common factor of 103779 and 1774.
887
What is the greatest common factor of 153331 and 107?
107
Calculate the highest common factor of 60078 and 459.
51
Calculate the greatest common factor of 5288 and 427667.
661
Calculate the highest common factor of 576 and 6158784.
192
Calculate the greatest common factor of 37264 and 8024.
136
Calculate the highest common factor of 744 and 1446.
6
Calculate the greatest common divisor of 141 and 9894.
3
Calculate the highest common factor of 616 and 3278968.
616
Calculate the highest common factor of 73960 and 215.
215
Calculate the greatest common divisor of 267809 and 53.
53
What is the greatest common factor of 767898 and 1332?
666
What is the greatest common factor of 41 and 56047?
41
What is the greatest common factor of 50180 and 100?
20
Calculate the highest common divisor of 455 and 250.
5
What is the highest common factor of 637 and 1404?
13
What is the greatest common divisor of 555 and 242757?
111
Calculate the highest common factor of 189 and 466200.
63
Calculate the greatest common divisor of 74646 and 6292.
286
Calculate the highest common factor of 747033 and 21.
21
What is the highest common factor of 38825 and 500?
25
Calculate the highest common factor of 6 and 19752.
6
What is the greatest common factor of 7735 and 364?
91
Calculate the greatest common divisor of 256 and 774528.
128
What is the highest common factor of 164 and 56006?
82
Calculate the greatest common factor of 13 and 5045053.
13
Calculate the highest common factor of 86854 and 26.
2
What is the greatest common divisor of 171 and 19119?
3
What is the highest common divisor of 4179815 and 86?
43
What is the greatest common factor of 2921 and 1288?
23
What is the greatest common divisor of 3757 and 299?
13
What is the highest common factor of 78845 and 195?
65
What is the highest common divisor of 1033117 and 137?
137
What is the greatest common factor of 9886 and 27?
1
Calculate the highest common divisor of 400 and 4102600.
200
What is the greatest common factor of 7637887 and 137?
137
What is the highest common divisor of 54 and 162576?
18
Calculate the greatest common factor of 873 and 2637.
9
Calculate the greatest common factor of 570 and 798.
114
Calculate the highest common divisor of 396 and 105237.
99
Calculate the greatest common factor of 1819388 and 4.
4
What is the greatest common divisor of 121 and 642389?
121
What is the highest common factor of 1323 and 135?
27
Calculate the highest common factor of 1500 and 1225.
25
What is the highest common factor of 1972 and 43877?
493
What is the greatest common factor of 280 and 113540?
140
What is the greatest common factor of 934504 and 1?
1
Calculate the greatest common divisor of 27 and 9083826.
27
Calculate the greatest common divisor of 12925 and 37224.
517
Calculate the highest common factor of 75 and 21674700.
75
What is the greatest common factor of 1761277 and 7?
7
What is the highest common divisor of 189 and 45297?
63
What is the highest common factor of 28841 and 2483?
191
What is the greatest common divisor of 784070 and 644?
322
Calculate the greatest common divisor of 49225 and 55.
55
What is the highest common divisor of 1023 and 27159?
33
Calculate the greatest common divisor of 7 and 1436540.
7
Calculate the highest common divisor of 6143 and 11.
1
What is the highest common factor of 434174 and 234?
26
Calculate the greatest common factor of 56 and 28504.
56
What is the highest common divisor of 305532 and 1296?
324
What is the highest common factor of 36 and 79677?
9
What is the highest common divisor of 120555 and 3591?
513
What is the greatest common divisor of 22392 and 144?
72
Calculate the greatest common divisor of 11072 and 49132.
692
What is the highest common divisor of 2738 and 2?
2
Calculate the highest common factor of 844 and 409762.
422
Calculate the greatest common divisor of 904142 and 122.
122
What is the highest common divisor of 983077 and 191?
191
Calculate the greatest common factor of 20535 and 19980.
555
Calculate the highest common factor of 24 and 1320204.
12
What is the highest common factor of 1021640 and 160?
40
Calculate the highest common divisor of 4095 and 759759.
273
What is the greatest common divisor of 15 and 64335?
15
Calculate the greatest common divisor of 189 and 19251.
27
Calculate the highest comm